{"id":51,"date":"2023-06-12T16:35:17","date_gmt":"2023-06-12T14:35:17","guid":{"rendered":"http:\/\/gp-livreauto.fr\/?page_id=51"},"modified":"2023-06-12T16:35:17","modified_gmt":"2023-06-12T14:35:17","slug":"le-jury-du-grand-prix-du-livre-automobile-et-des-mobilites","status":"publish","type":"page","link":"https:\/\/gp-livreauto.fr\/index.php\/le-jury-du-grand-prix-du-livre-automobile-et-des-mobilites\/","title":{"rendered":"Le jury du Grand Prix du livre Automobile et des Mobilit\u00e9s"},"content":{"rendered":"\n<figure class=\"wp-block-image aligncenter size-medium\"><img loading=\"lazy\" decoding=\"async\" width=\"300\" height=\"156\" src=\"http:\/\/gp-livreauto.fr\/wp-content\/uploads\/2023\/06\/Grand-Prix-du-Livre-Automobile-et-des-Mobilites-NB-300x156.png\" alt=\"grand prix du livre automobile et des mobilit\u00e9s\" class=\"wp-image-48\" srcset=\"https:\/\/gp-livreauto.fr\/wp-content\/uploads\/2023\/06\/Grand-Prix-du-Livre-Automobile-et-des-Mobilites-NB-300x156.png 300w, https:\/\/gp-livreauto.fr\/wp-content\/uploads\/2023\/06\/Grand-Prix-du-Livre-Automobile-et-des-Mobilites-NB-1024x533.png 1024w, https:\/\/gp-livreauto.fr\/wp-content\/uploads\/2023\/06\/Grand-Prix-du-Livre-Automobile-et-des-Mobilites-NB-768x400.png 768w, https:\/\/gp-livreauto.fr\/wp-content\/uploads\/2023\/06\/Grand-Prix-du-Livre-Automobile-et-des-Mobilites-NB-1536x800.png 1536w, https:\/\/gp-livreauto.fr\/wp-content\/uploads\/2023\/06\/Grand-Prix-du-Livre-Automobile-et-des-Mobilites-NB.png 1631w\" sizes=\"auto, (max-width: 300px) 100vw, 300px\" \/><\/figure>\n\n\n\n<p class=\"has-text-align-center\"><strong>Jean-Baptiste le Dall<\/strong><\/p>\n\n\n\n<p class=\"has-text-align-center\">Avocat \u00e0 la Cour, Docteur en Droit Auteur de nombreux ouvrages juridiques autour de l\u2019automobile et des mobilit\u00e9s \u2013 Pr\u00e9sident du Jury<\/p>\n\n\n\n<p class=\"has-text-align-center\"><strong>France Dholander<\/strong><\/p>\n\n\n\n<p class=\"has-text-align-center\">Journaliste, Directrice du salon Memoria Mecanica<\/p>\n\n\n\n<p class=\"has-text-align-center\"><strong>Alexandra Legendre<\/strong><\/p>\n\n\n\n<p class=\"has-text-align-center\">Porte-parole de la Ligue de D\u00e9fense des Conducteurs, ancienne journaliste automobile<\/p>\n\n\n\n<p class=\"has-text-align-center\"><strong>Xavier Blanchet<\/strong><\/p>\n\n\n\n<p class=\"has-text-align-center\">Notaire Associ\u00e9, collectionneur de v\u00e9hicules anciens<\/p>\n\n\n\n<p class=\"has-text-align-center\"><strong>Philippe Colombet<\/strong><\/p>\n\n\n\n<p class=\"has-text-align-center\">Journaliste collaborant \u00e0 de nombreux titres automobiles&nbsp;et g\u00e9n\u00e9ralistes<\/p>\n\n\n\n<p class=\"has-text-align-center\"><strong>Christophe Feugere<\/strong><\/p>\n\n\n\n<p class=\"has-text-align-center\">Expert en Automobile, Collectionneur, Sp\u00e9cialiste en automobiles d\u2019avant-guerre, &nbsp;&nbsp;&nbsp;&nbsp;&nbsp;&nbsp;&nbsp;&nbsp;&nbsp;&nbsp;&nbsp;&nbsp;&nbsp;&nbsp;&nbsp;&nbsp;&nbsp;&nbsp;&nbsp;&nbsp;&nbsp;Ancien Pilote de chasse de l\u2019Arm\u00e9e de l\u2019Air.<\/p>\n\n\n\n<p class=\"has-text-align-center\"><strong>Nicolas Laperruque<\/strong><\/p>\n\n\n\n<p class=\"has-text-align-center\">Journaliste automobile et sp\u00e9cialiste de l&rsquo;histoire automobile, collaborant \u00e0 de nombreux titres&nbsp; : Le Dauphin\u00e9 Lib\u00e9r\u00e9, Le Progr\u00e8s, L\u2019Argus, Vintage Racers, Fanauto, L\u2019Automobile Magazine, ..<\/p>\n\n\n\n<p class=\"has-text-align-center\"><strong>Christophe Marcaggi<\/strong><\/p>\n\n\n\n<p class=\"has-text-align-center\">Expert en Automobile, Pr\u00e9sident du Comit\u00e9 National des Territoires de la F\u00e9d\u00e9ration Fran\u00e7aise de l\u2019Expertise Automobile<\/p>\n\n\n\n<p class=\"has-text-align-center\"><strong>Fran\u00e7ois Roudier<\/strong><\/p>\n\n\n\n<p class=\"has-text-align-center\">Directeur communication march\u00e9s et patrimoine PFA (Plateforme de la fili\u00e8re automobile)<\/p>\n\n\n\n<p class=\"has-text-align-center\"><strong>Dominique Stempfel<\/strong><\/p>\n\n\n\n<p class=\"has-text-align-center\">Pr\u00e9sident du Syndicat du Pneu<\/p>\n","protected":false},"excerpt":{"rendered":"<p>Jean-Baptiste le Dall Avocat \u00e0 la Cour, Docteur en Droit Auteur de nombreux ouvrages juridiques autour de l\u2019automobile et des mobilit\u00e9s \u2013 Pr\u00e9sident du Jury France Dholander Journaliste, Directrice du salon Memoria Mecanica Alexandra Legendre Porte-parole de la Ligue de D\u00e9fense des Conducteurs, ancienne journaliste automobile Xavier Blanchet Notaire Associ\u00e9, collectionneur de v\u00e9hicules anciens Philippe [&hellip;]<\/p>\n","protected":false},"author":1,"featured_media":0,"parent":0,"menu_order":0,"comment_status":"closed","ping_status":"closed","template":"","meta":{"footnotes":""},"class_list":["post-51","page","type-page","status-publish","hentry"],"_links":{"self":[{"href":"https:\/\/gp-livreauto.fr\/index.php\/wp-json\/wp\/v2\/pages\/51","targetHints":{"allow":["GET"]}}],"collection":[{"href":"https:\/\/gp-livreauto.fr\/index.php\/wp-json\/wp\/v2\/pages"}],"about":[{"href":"https:\/\/gp-livreauto.fr\/index.php\/wp-json\/wp\/v2\/types\/page"}],"author":[{"embeddable":true,"href":"https:\/\/gp-livreauto.fr\/index.php\/wp-json\/wp\/v2\/users\/1"}],"replies":[{"embeddable":true,"href":"https:\/\/gp-livreauto.fr\/index.php\/wp-json\/wp\/v2\/comments?post=51"}],"version-history":[{"count":1,"href":"https:\/\/gp-livreauto.fr\/index.php\/wp-json\/wp\/v2\/pages\/51\/revisions"}],"predecessor-version":[{"id":52,"href":"https:\/\/gp-livreauto.fr\/index.php\/wp-json\/wp\/v2\/pages\/51\/revisions\/52"}],"wp:attachment":[{"href":"https:\/\/gp-livreauto.fr\/index.php\/wp-json\/wp\/v2\/media?parent=51"}],"curies":[{"name":"wp","href":"https:\/\/api.w.org\/{rel}","templated":true}]}}

Le jury du Grand Prix du livre Automobile et des Mobilités

<figure class="wp-block-image aligncenter size-medium"><img loading="lazy" decoding="async" width="300" height="156" src="http://gp-livreauto.fr/wp-content/uploads/2023/06/Grand-Prix-du-Livre-Automobile-et-des-Mobilites-NB-300x156.png" alt="grand prix du livre automobile et des mobilités" class="wp-image-48" srcset="https://gp-livreauto.fr/wp-content/uploads/2023/06/Grand-Prix-du-Livre-Automobile-et-des-Mobilites-NB-300x156.png 300w, https://gp-livreauto.fr/wp-content/uploads/2023/06/Grand-Prix-du-Livre-Automobile-et-des-Mobilites-NB-1024x533.png 1024w, https://gp-livreauto.fr/wp-content/uploads/2023/06/Grand-Prix-du-Livre-Automobile-et-des-Mobilites-NB-768x400.png 768w, https://gp-livreauto.fr/wp-content/uploads/2023/06/Grand-Prix-du-Livre-Automobile-et-des-Mobilites-NB-1536x800.png 1536w, https://gp-livreauto.fr/wp-content/uploads/2023/06/Grand-Prix-du-Livre-Automobile-et-des-Mobilites-NB.png 1631w" sizes="auto, (max-width: 300px) 100vw, 300px" /></figure>



<p class="has-text-align-center"><strong>Jean-Baptiste le Dall</strong></p>



<p class="has-text-align-center">Avocat à la Cour, Docteur en Droit Auteur de nombreux ouvrages juridiques autour de l’automobile et des mobilités – Président du Jury</p>



<p class="has-text-align-center"><strong>France Dholander</strong></p>



<p class="has-text-align-center">Journaliste, Directrice du salon Memoria Mecanica</p>



<p class="has-text-align-center"><strong>Alexandra Legendre</strong></p>



<p class="has-text-align-center">Porte-parole de la Ligue de Défense des Conducteurs, ancienne journaliste automobile</p>



<p class="has-text-align-center"><strong>Xavier Blanchet</strong></p>



<p class="has-text-align-center">Notaire Associé, collectionneur de véhicules anciens</p>



<p class="has-text-align-center"><strong>Philippe Colombet</strong></p>



<p class="has-text-align-center">Journaliste collaborant à de nombreux titres automobiles&nbsp;et généralistes</p>



<p class="has-text-align-center"><strong>Christophe Feugere</strong></p>



<p class="has-text-align-center">Expert en Automobile, Collectionneur, Spécialiste en automobiles d’avant-guerre, &nbsp;&nbsp;&nbsp;&nbsp;&nbsp;&nbsp;&nbsp;&nbsp;&nbsp;&nbsp;&nbsp;&nbsp;&nbsp;&nbsp;&nbsp;&nbsp;&nbsp;&nbsp;&nbsp;&nbsp;&nbsp;Ancien Pilote de chasse de l’Armée de l’Air.</p>



<p class="has-text-align-center"><strong>Nicolas Laperruque</strong></p>



<p class="has-text-align-center">Journaliste automobile et spécialiste de l&rsquo;histoire automobile, collaborant à de nombreux titres&nbsp; : Le Dauphiné Libéré, Le Progrès, L’Argus, Vintage Racers, Fanauto, L’Automobile Magazine, ..</p>



<p class="has-text-align-center"><strong>Christophe Marcaggi</strong></p>



<p class="has-text-align-center">Expert en Automobile, Président du Comité National des Territoires de la Fédération Française de l’Expertise Automobile</p>



<p class="has-text-align-center"><strong>François Roudier</strong></p>



<p class="has-text-align-center">Directeur communication marchés et patrimoine PFA (Plateforme de la filière automobile)</p>



<p class="has-text-align-center"><strong>Dominique Stempfel</strong></p>



<p class="has-text-align-center">Président du Syndicat du Pneu</p>

<p>Jean-Baptiste le Dall Avocat à la Cour, Docteur en Droit Auteur de nombreux ouvrages juridiques autour de l’automobile et des mobilités – Président du Jury France Dholander Journaliste, Directrice du salon Memoria Mecanica Alexandra Legendre Porte-parole de la Ligue de Défense des Conducteurs, ancienne journaliste automobile Xavier Blanchet Notaire Associé, collectionneur de véhicules anciens Philippe [&hellip;]</p>
