{"id":38,"date":"2023-06-12T16:13:32","date_gmt":"2023-06-12T14:13:32","guid":{"rendered":"http:\/\/gp-livreauto.fr\/?page_id=38"},"modified":"2023-11-26T23:18:09","modified_gmt":"2023-11-26T22:18:09","slug":"le-grand-prix-du-livre-automobile-et-des-mobilites-ouvrages-en-competition-2023","status":"publish","type":"page","link":"https:\/\/gp-livreauto.fr\/index.php\/le-grand-prix-du-livre-automobile-et-des-mobilites-ouvrages-en-competition-2023\/","title":{"rendered":"Le Grand Prix du Livre Automobile et des Mobilit\u00e9s"},"content":{"rendered":"\n<figure class=\"wp-block-image aligncenter size-large is-style-default\"><img loading=\"lazy\" decoding=\"async\" width=\"1024\" height=\"684\" src=\"http:\/\/gp-livreauto.fr\/wp-content\/uploads\/2023\/06\/typewriter-grand-prix-du-livre-automobile--1024x684.jpg\" alt=\"\" class=\"wp-image-29\" srcset=\"https:\/\/gp-livreauto.fr\/wp-content\/uploads\/2023\/06\/typewriter-grand-prix-du-livre-automobile--1024x684.jpg 1024w, https:\/\/gp-livreauto.fr\/wp-content\/uploads\/2023\/06\/typewriter-grand-prix-du-livre-automobile--300x200.jpg 300w, https:\/\/gp-livreauto.fr\/wp-content\/uploads\/2023\/06\/typewriter-grand-prix-du-livre-automobile--768x513.jpg 768w, https:\/\/gp-livreauto.fr\/wp-content\/uploads\/2023\/06\/typewriter-grand-prix-du-livre-automobile--1536x1026.jpg 1536w, https:\/\/gp-livreauto.fr\/wp-content\/uploads\/2023\/06\/typewriter-grand-prix-du-livre-automobile-.jpg 1920w\" sizes=\"auto, (max-width: 1024px) 100vw, 1024px\" \/><\/figure>\n\n\n\n<p class=\"has-text-align-left\">Le livre n\u2019a crois\u00e9 la route de l\u2019automobile que r\u00e9cemment au d\u00e9but du si\u00e8cle dernier, mais en seulement 130 ans de cohabitation, l\u2019automobile, la route, le d\u00e9sir de libert\u00e9 ont su s\u2019insinuer ligne apr\u00e8s ligne, dans les pages de nombreux romans, d\u2019essais, d\u2019encyclop\u00e9dies, d\u2019ouvrages d\u2019art, de recueils techniques\u2026<\/p>\n\n\n\n<p class=\"has-text-align-left\">\u00c0 l\u2019heure o\u00f9 le livre objet se d\u00e9mat\u00e9rialise, \u00e0 l\u2019heure o\u00f9 l\u2019automobile se r\u00e9invente, \u00e0 l\u2019aube des nouvelles mobilit\u00e9s, le livre et l\u2019automobile sont en passe d\u2019\u00e9crire une nouvelle page de leur histoire. Les passionn\u00e9s d\u2019automobiles, les amoureux des designs les plus r\u00e9volutionnaires comme les amateurs de v\u00e9hicules anciens ont tous un go\u00fbt pour l\u2019objet. L\u2019esth\u00e8te qui appr\u00e9cie les plus belles carrosseries se laissera \u00e9galement s\u00e9duire par les jolies pages et les belles reliures.<\/p>\n\n\n\n<p class=\"has-text-align-left\">Les pages glac\u00e9es, les clich\u00e9s en noir et blanc, les dessins aux traits les plus vifs, les photos aux couleurs d\u2019automne pour annoncer le salon de l\u2019auto\u2026. Les collections de clich\u00e9s de mod\u00e8les plus ou moins exotiques du livre des voitures de l\u2019ann\u00e9e\u2026 chaque amateur d\u2019automobile a son histoire avec le livre. Cette histoire, ces petites histoires, la petite histoire dans celle avec un grand H, l\u2019histoire de constructeurs qui ont marqu\u00e9 celle de l\u2019automobile, les histoires rocambolesques de pilotes de g\u00e9nie, le t\u00e9moignage de grands patrons, de designers ou de collectionneurs fous, l\u2019atmosph\u00e8re inqui\u00e9tante d\u2019un polar qui trimballe ses personnages dans une vieille am\u00e9ricaine, ou les aventures d\u2019un enqu\u00eateur amateur de belles m\u00e9caniques qui s\u2019\u00e9talent au gr\u00e9 des planches d\u2019une bande dessin\u00e9e\u2026 ce sont toutes ces histoires que le Grand Prix du Livre Automobile a vocation \u00e0 distinguer.<\/p>\n\n\n\n<p><\/p>\n\n\n\n<p class=\"has-text-align-center\"><a href=\"http:\/\/gp-livreauto.fr\/index.php\/le-jury-du-grand-prix-du-livre-automobile-et-des-mobilites\/\" data-type=\"URL\" data-id=\"http:\/\/gp-livreauto.fr\/index.php\/le-jury-du-grand-prix-du-livre-automobile-et-des-mobilites\/\">Le Jury <\/a><\/p>\n","protected":false},"excerpt":{"rendered":"<p>Le livre n\u2019a crois\u00e9 la route de l\u2019automobile que r\u00e9cemment au d\u00e9but du si\u00e8cle dernier, mais en seulement 130 ans de cohabitation, l\u2019automobile, la route, le d\u00e9sir de libert\u00e9 ont su s\u2019insinuer ligne apr\u00e8s ligne, dans les pages de nombreux romans, d\u2019essais, d\u2019encyclop\u00e9dies, d\u2019ouvrages d\u2019art, de recueils techniques\u2026 \u00c0 l\u2019heure o\u00f9 le livre objet se [&hellip;]<\/p>\n","protected":false},"author":1,"featured_media":0,"parent":0,"menu_order":0,"comment_status":"closed","ping_status":"closed","template":"","meta":{"footnotes":""},"class_list":["post-38","page","type-page","status-publish","hentry"],"_links":{"self":[{"href":"https:\/\/gp-livreauto.fr\/index.php\/wp-json\/wp\/v2\/pages\/38","targetHints":{"allow":["GET"]}}],"collection":[{"href":"https:\/\/gp-livreauto.fr\/index.php\/wp-json\/wp\/v2\/pages"}],"about":[{"href":"https:\/\/gp-livreauto.fr\/index.php\/wp-json\/wp\/v2\/types\/page"}],"author":[{"embeddable":true,"href":"https:\/\/gp-livreauto.fr\/index.php\/wp-json\/wp\/v2\/users\/1"}],"replies":[{"embeddable":true,"href":"https:\/\/gp-livreauto.fr\/index.php\/wp-json\/wp\/v2\/comments?post=38"}],"version-history":[{"count":3,"href":"https:\/\/gp-livreauto.fr\/index.php\/wp-json\/wp\/v2\/pages\/38\/revisions"}],"predecessor-version":[{"id":53,"href":"https:\/\/gp-livreauto.fr\/index.php\/wp-json\/wp\/v2\/pages\/38\/revisions\/53"}],"wp:attachment":[{"href":"https:\/\/gp-livreauto.fr\/index.php\/wp-json\/wp\/v2\/media?parent=38"}],"curies":[{"name":"wp","href":"https:\/\/api.w.org\/{rel}","templated":true}]}}