{"id":206,"date":"2024-08-19T21:09:31","date_gmt":"2024-08-19T19:09:31","guid":{"rendered":"http:\/\/gp-livreauto.fr\/?page_id=206"},"modified":"2024-08-19T21:09:31","modified_gmt":"2024-08-19T19:09:31","slug":"tesla-lavenir-a-commence-grand-prix-de-laventure-industrielle-2023","status":"publish","type":"page","link":"https:\/\/gp-livreauto.fr\/index.php\/tesla-lavenir-a-commence-grand-prix-de-laventure-industrielle-2023\/","title":{"rendered":"\u00abTesla, l\u2019avenir a commenc\u00e9\u00bb\u00a0:\u00a0 Grand Prix de l\u2019aventure industrielle 2023"},"content":{"rendered":"\n<figure class=\"wp-block-image alignfull size-full\"><img loading=\"lazy\" decoding=\"async\" width=\"800\" height=\"800\" src=\"http:\/\/gp-livreauto.fr\/wp-content\/uploads\/2024\/08\/Tesla-lavenir-a-commence-GPLAM-2023.jpg\" alt=\"Tesla l'avenir a commenc\u00e9 Grand Prix du Livre Automobile et des mobilit\u00e9s 2023 \" class=\"wp-image-207\" srcset=\"https:\/\/gp-livreauto.fr\/wp-content\/uploads\/2024\/08\/Tesla-lavenir-a-commence-GPLAM-2023.jpg 800w, https:\/\/gp-livreauto.fr\/wp-content\/uploads\/2024\/08\/Tesla-lavenir-a-commence-GPLAM-2023-300x300.jpg 300w, https:\/\/gp-livreauto.fr\/wp-content\/uploads\/2024\/08\/Tesla-lavenir-a-commence-GPLAM-2023-150x150.jpg 150w, https:\/\/gp-livreauto.fr\/wp-content\/uploads\/2024\/08\/Tesla-lavenir-a-commence-GPLAM-2023-768x768.jpg 768w\" sizes=\"auto, (max-width: 800px) 100vw, 800px\" \/><\/figure>\n\n\n\n<p>Le \u00abGrand Prix de l\u2019aventure industrielle\u00bb 2023 a \u00e9t\u00e9 attribu\u00e9 \u00e0 :<\/p>\n\n\n\n<p>\u00ab<a href=\"https:\/\/www.sophia-editions.com\/americaines\/5883-tesla-9782385140144.html\">Tesla, l\u2019avenir a commenc\u00e9<\/a>\u00bb de Frank O. Hrachowy aux <a href=\"https:\/\/www.sophia-editions.com\/\">\u00e9ditions Sophia<\/a> (250 photos, 208 pages, 230 x 265 mm pour 49,00 euros).<\/p>\n\n\n\n<p>Impossible de parler de Tesla sans \u00e9voquer ses fondateurs et son CEO actuel, Elon Musk. Un historien des technologies nous guide \u00e0 travers les \u00e9v\u00e9nements les plus marquants de Tesla Motors, de ses d\u00e9buts jusqu\u2019\u00e0 aujourd\u2019hui. A l\u2019heure o\u00f9 le monde automobile connait plus d\u2019\u00e9volutions majeures qu\u2019il n\u2019en n\u2019a connu pendant plusieurs dizaines d\u2019ann\u00e9es (avec bien s\u00fbr le v\u00e9hicule \u00e9lectrique mais aussi la conduite autonome, le v\u00e9hicule connect\u00e9 ou encore les changements en mati\u00e8re de consommation de l\u2019automobile), la lecture de cet ouvrage tr\u00e8s document\u00e9 donne les cl\u00e9s pour mieux comprendre l\u2019automobile de demain au travers de la marque pionni\u00e8re de ce nouvel environnement.<\/p>\n\n\n\n<figure class=\"wp-block-image aligncenter size-full\"><img loading=\"lazy\" decoding=\"async\" width=\"668\" height=\"767\" src=\"http:\/\/gp-livreauto.fr\/wp-content\/uploads\/2024\/08\/Tesla-Grand-Prix-du-livre-automobile-et-des-mobilites.png\" alt=\"Tesla GP du Livre automobile et des mobilit\u00e9s 2023\" class=\"wp-image-208\" srcset=\"https:\/\/gp-livreauto.fr\/wp-content\/uploads\/2024\/08\/Tesla-Grand-Prix-du-livre-automobile-et-des-mobilites.png 668w, https:\/\/gp-livreauto.fr\/wp-content\/uploads\/2024\/08\/Tesla-Grand-Prix-du-livre-automobile-et-des-mobilites-261x300.png 261w\" sizes=\"auto, (max-width: 668px) 100vw, 668px\" \/><\/figure>\n","protected":false},"excerpt":{"rendered":"<p>Le \u00abGrand Prix de l\u2019aventure industrielle\u00bb 2023 a \u00e9t\u00e9 attribu\u00e9 \u00e0 : \u00abTesla, l\u2019avenir a commenc\u00e9\u00bb de Frank O. Hrachowy aux \u00e9ditions Sophia (250 photos, 208 pages, 230 x 265 mm pour 49,00 euros). Impossible de parler de Tesla sans \u00e9voquer ses fondateurs et son CEO actuel, Elon Musk. Un historien des technologies nous guide [&hellip;]<\/p>\n","protected":false},"author":1,"featured_media":0,"parent":0,"menu_order":0,"comment_status":"closed","ping_status":"closed","template":"","meta":{"footnotes":""},"class_list":["post-206","page","type-page","status-publish","hentry"],"_links":{"self":[{"href":"https:\/\/gp-livreauto.fr\/index.php\/wp-json\/wp\/v2\/pages\/206","targetHints":{"allow":["GET"]}}],"collection":[{"href":"https:\/\/gp-livreauto.fr\/index.php\/wp-json\/wp\/v2\/pages"}],"about":[{"href":"https:\/\/gp-livreauto.fr\/index.php\/wp-json\/wp\/v2\/types\/page"}],"author":[{"embeddable":true,"href":"https:\/\/gp-livreauto.fr\/index.php\/wp-json\/wp\/v2\/users\/1"}],"replies":[{"embeddable":true,"href":"https:\/\/gp-livreauto.fr\/index.php\/wp-json\/wp\/v2\/comments?post=206"}],"version-history":[{"count":1,"href":"https:\/\/gp-livreauto.fr\/index.php\/wp-json\/wp\/v2\/pages\/206\/revisions"}],"predecessor-version":[{"id":209,"href":"https:\/\/gp-livreauto.fr\/index.php\/wp-json\/wp\/v2\/pages\/206\/revisions\/209"}],"wp:attachment":[{"href":"https:\/\/gp-livreauto.fr\/index.php\/wp-json\/wp\/v2\/media?parent=206"}],"curies":[{"name":"wp","href":"https:\/\/api.w.org\/{rel}","templated":true}]}}