{"id":182,"date":"2024-08-18T19:16:48","date_gmt":"2024-08-18T17:16:48","guid":{"rendered":"https:\/\/gp-livreauto.fr\/?page_id=182"},"modified":"2024-08-18T19:16:48","modified_gmt":"2024-08-18T17:16:48","slug":"honda-voyage-en-zone-rouge-lhistoire-sportive-grand-prix-du-livre-automobile-et-des-mobilites-2023","status":"publish","type":"page","link":"https:\/\/gp-livreauto.fr\/index.php\/honda-voyage-en-zone-rouge-lhistoire-sportive-grand-prix-du-livre-automobile-et-des-mobilites-2023\/","title":{"rendered":"Honda, Voyage en Zone Rouge, l\u2019histoire sportive\u00a0: Grand Prix du Livre Automobile et des Mobilit\u00e9s 2023"},"content":{"rendered":"\n<figure class=\"wp-block-image alignfull size-large\"><img loading=\"lazy\" decoding=\"async\" width=\"1024\" height=\"547\" src=\"http:\/\/gp-livreauto.fr\/wp-content\/uploads\/2023\/12\/Grand-Prix-du-livre-automobile-et-des-mobilite-2023-Honda-Voyage-en-zone-rouge-1024x547.jpg\" alt=\"Grand Prix du Livre Automobile et des Mobilit\u00e9s 2023Honda, Voyage en Zone Rouge\" class=\"wp-image-132\" srcset=\"https:\/\/gp-livreauto.fr\/wp-content\/uploads\/2023\/12\/Grand-Prix-du-livre-automobile-et-des-mobilite-2023-Honda-Voyage-en-zone-rouge-1024x547.jpg 1024w, https:\/\/gp-livreauto.fr\/wp-content\/uploads\/2023\/12\/Grand-Prix-du-livre-automobile-et-des-mobilite-2023-Honda-Voyage-en-zone-rouge-300x160.jpg 300w, https:\/\/gp-livreauto.fr\/wp-content\/uploads\/2023\/12\/Grand-Prix-du-livre-automobile-et-des-mobilite-2023-Honda-Voyage-en-zone-rouge-768x410.jpg 768w, https:\/\/gp-livreauto.fr\/wp-content\/uploads\/2023\/12\/Grand-Prix-du-livre-automobile-et-des-mobilite-2023-Honda-Voyage-en-zone-rouge-1536x821.jpg 1536w, https:\/\/gp-livreauto.fr\/wp-content\/uploads\/2023\/12\/Grand-Prix-du-livre-automobile-et-des-mobilite-2023-Honda-Voyage-en-zone-rouge.jpg 1920w\" sizes=\"auto, (max-width: 1024px) 100vw, 1024px\" \/><\/figure>\n\n\n\n<p>Le \u00abGrand Prix du Livre Automobile et des Mobilit\u00e9s 2023\u00bb r\u00e9compensant l\u2019ouvrage de l\u2019ann\u00e9e a \u00e9t\u00e9 attribu\u00e9 \u00e0 :<\/p>\n\n\n\n<p><a href=\"https:\/\/redrunner.fr\/produit\/voyage-en-zone-rouge-vol-2\/\">\u00abHonda, Voyage en Zone Rouge, l\u2019histoire sportive\u00bb<\/a><\/p>\n\n\n\n<p>Volume 2 de Lionel Lucas aux \u00e9ditions<a href=\"https:\/\/redrunner.fr\/\" data-type=\"link\" data-id=\"https:\/\/redrunner.fr\/\"> Red Runner<\/a> (440 pages, 270 x 240 mm pour 120,00 euros).<\/p>\n\n\n\n<p>Le succ\u00e8s du volume 1 a ouvert toutes les portes \u00e0 Lionel Lucas qui a pu signer cet incontournable pour tout amateur de la c\u00e9l\u00e8bre marque japonaise. Ce volume 2 propose une visite de l\u2019usine de la Civic Type R \u00e0 Swindon, Grande-Bretagne, puis aux USA avec l\u2019usine de la NSX et, bien s\u00fbr, au Japon avec une interview de Shigeru Uehara et Hirotoshi Honda lui-m\u00eame, tout cela sous une remarquable finition. Lionel Lucas au travers de ce \u00ab&nbsp;livre objet&nbsp;\u00bb a r\u00e9ussi le pari de s\u00e9duire bien au-del\u00e0 du cercle des fid\u00e8les de la marque. L\u2019ouvrage de l\u2019ann\u00e9e&nbsp;!<\/p>\n\n\n\n<figure class=\"wp-block-image aligncenter size-full\"><img loading=\"lazy\" decoding=\"async\" width=\"1024\" height=\"752\" src=\"http:\/\/gp-livreauto.fr\/wp-content\/uploads\/2023\/12\/remise-prix-grand-prix-du-livre-automobile-et-des-mobilites-2023-Lionel-Lucas.jpg\" alt=\"Jury GPLAM lionel Lucas\" class=\"wp-image-140\" srcset=\"https:\/\/gp-livreauto.fr\/wp-content\/uploads\/2023\/12\/remise-prix-grand-prix-du-livre-automobile-et-des-mobilites-2023-Lionel-Lucas.jpg 1024w, https:\/\/gp-livreauto.fr\/wp-content\/uploads\/2023\/12\/remise-prix-grand-prix-du-livre-automobile-et-des-mobilites-2023-Lionel-Lucas-300x220.jpg 300w, https:\/\/gp-livreauto.fr\/wp-content\/uploads\/2023\/12\/remise-prix-grand-prix-du-livre-automobile-et-des-mobilites-2023-Lionel-Lucas-768x564.jpg 768w\" sizes=\"auto, (max-width: 1024px) 100vw, 1024px\" \/><figcaption class=\"wp-element-caption\">de gauche \u00e0 droite : Me Jean-Baptiste le Dall, M. Lionel Lucas, M. Dominique Stempfel, Mme Alexandra Legendre, Col Christophe Feug\u00e8re<\/figcaption><\/figure>\n","protected":false},"excerpt":{"rendered":"<p>Le \u00abGrand Prix du Livre Automobile et des Mobilit\u00e9s 2023\u00bb r\u00e9compensant l\u2019ouvrage de l\u2019ann\u00e9e a \u00e9t\u00e9 attribu\u00e9 \u00e0 : \u00abHonda, Voyage en Zone Rouge, l\u2019histoire sportive\u00bb Volume 2 de Lionel Lucas aux \u00e9ditions Red Runner (440 pages, 270 x 240 mm pour 120,00 euros). Le succ\u00e8s du volume 1 a ouvert toutes les portes \u00e0 [&hellip;]<\/p>\n","protected":false},"author":1,"featured_media":0,"parent":0,"menu_order":0,"comment_status":"closed","ping_status":"closed","template":"","meta":{"footnotes":""},"class_list":["post-182","page","type-page","status-publish","hentry"],"_links":{"self":[{"href":"https:\/\/gp-livreauto.fr\/index.php\/wp-json\/wp\/v2\/pages\/182","targetHints":{"allow":["GET"]}}],"collection":[{"href":"https:\/\/gp-livreauto.fr\/index.php\/wp-json\/wp\/v2\/pages"}],"about":[{"href":"https:\/\/gp-livreauto.fr\/index.php\/wp-json\/wp\/v2\/types\/page"}],"author":[{"embeddable":true,"href":"https:\/\/gp-livreauto.fr\/index.php\/wp-json\/wp\/v2\/users\/1"}],"replies":[{"embeddable":true,"href":"https:\/\/gp-livreauto.fr\/index.php\/wp-json\/wp\/v2\/comments?post=182"}],"version-history":[{"count":1,"href":"https:\/\/gp-livreauto.fr\/index.php\/wp-json\/wp\/v2\/pages\/182\/revisions"}],"predecessor-version":[{"id":183,"href":"https:\/\/gp-livreauto.fr\/index.php\/wp-json\/wp\/v2\/pages\/182\/revisions\/183"}],"wp:attachment":[{"href":"https:\/\/gp-livreauto.fr\/index.php\/wp-json\/wp\/v2\/media?parent=182"}],"curies":[{"name":"wp","href":"https:\/\/api.w.org\/{rel}","templated":true}]}}